0
Let m(r) = -50841*r + 508405. Give m(10).
-5
Let y(n) = -n**3 + 1295*n**2 + 1982*n + 793762. What is y(1297)?
-2
Let a(u) = u**3 - 395*u**2 + 3127*u - 11995. Calculate a(387).
2
Let p(h) = 15*h**3 + 25*h**2 - h + 343. What is p(0)?
343
Let i(z) = -2514*z - 51821. Give i(-22).
3487
Let t(p) = 74976*p + 3973700. Give t(-53).
-28
Let x(i) = 3*i**2 + 111*i - 664. Calculate x(5).
-34
Let z(r) = 10*r**2 + r - 100. Calculate z(-5).
145
Let k(o) = -o**3 - 21*o**2 + 17*o + 1224. Calculate k(-11).
-173
Let w(c) = -2*c**2 - 144*c + 206. Calculate w(-81).
-1252
Let a(n) = -n**3 - 2*n**2 + 2053*n + 4108. Give a(-2).
2
Let f(l) = -l**3 - 107*l**2 - 124*l - 13296. Determine f(-107).
-28
Let z(p) = -400*p + 10414. Determine z(26).
14
Let d(b) = 3*b**3 - 15*b**2 - 205*b - 17. Give d(-10).
-2467
Let l(b) = 87*b**2 - 134*b + 37. Calculate l(1).
-10
Let a(q) = -3595*q + 524880. Calculate a(146).
10
Let g(b) = 2*b**2 - 249*b + 6886. Determine g(88).
462
Let d(b) = 257115*b + 25454386. Give d(-99).
1
Let s(a) = -57152*a - 171503. What is s(-3)?
-47
Let a(i) = 5*i**3 + 218*i**2 + 130*i - 31. What is a(-43)?
-74
Let t(i) = 27*i + 3129. Calculate t(-114).
51
Let u(v) = -37*v - 747. Determine u(-32).
437
Let j(h) = -h**2 - 360360*h - 2882813. What is j(-8)?
3
Let q(g) = -2*g**2 - 3168*g - 307845. What is q(-104)?
-5
Let m(s) = 183541*s + 550436. What is m(-3)?
-187
Let v(o) = 18188*o + 36378. Give v(-2).
2
Let s(f) = 27*f**3 - 114*f**2 - 2330*f + 9412. Give s(4).
-4
Let o(j) = -5422*j + 54181. Give o(10).
-39
Let s(y) = 53*y**2 - 3173*y - 477. Calculate s(60).
-57
Let x(c) = 4139*c - 186168. Calculate x(45).
87
Let i(c) = 2*c**3 - 32*c**2 + 43*c + 62. What is i(14)?
-120
Let y(l) = 543032*l - 4344264. Give y(8).
-8
Let p(c) = 4102*c + 525071. Determine p(-128).
15
Let n(x) = 54*x + 1189. Give n(-50).
-1511
Let h(i) = 535732*i + 3214394. Calculate h(-6).
2
Let f(c) = 34449*c + 310115. Calculate f(-9).
74
Let r(x) = -x**3 - 135*x**2 + 2747*x - 1079. What is r(-153)?
-8
Let d(k) = -3*k**2 + 577*k + 2075. Calculate d(196).
-81
Let a(h) = 514*h**2 - 34955*h + 90. What is a(68)?
-114
Let i(g) = 439430*g - 10106886. Calculate i(23).
4
Let y(u) = -13673*u - 478559. What is y(-35)?
-4
Let u(f) = 28*f**2 + 2390*f - 2405. Give u(1).
13
Let q(f) = -2*f**3 - 7*f**2 - 6*f - 105. Calculate q(-5).
0
Let t(u) = -u**3 - 70*u**2 + 884*u - 536. Calculate t(-81).
31
Let y(u) = 163068*u + 60335156. What is y(-370)?
-4
Let p(u) = -136505*u - 136505. Determine p(-1).
0
Let b(g) = -19*g**2 - 4401*g - 2665. What is b(-231)?
107
Let o(t) = 3150*t - 15940. Give o(5).
-190
Let c(f) = -f**3 - 4*f**2 + 72*f + 312. What is c(-8)?
-8
Let m(o) = o**3 - 12*o**2 + 360*o - 3752. Calculate m(11).
87
Let l(w) = -4*w**3 + 208*w**2 + 448*w + 72. What is l(-2)?
40
Let u(o) = o**2 - 112*o - 2345. What is u(-19)?
144
Let h(j) = j**3 + j**2 + 72*j - 249. What is h(11)?
1995
Let h(a) = -a**2 + 252*a - 2791. Determine h(240).
89
Let m(s) = -9*s**3 - 2*s**2 - 319*s - 634. Give m(-2).
68
Let l(j) = -j**2 - 1324*j - 317753. Calculate l(-315).
82
Let d(s) = 42*s**2 - 225*s + 11. Calculate d(3).
-286
Let r(m) = 1193*m + 459352. What is r(-385)?
47
Let c(v) = 22791*v**2 - 1618158*v - 229. Calculate c(71).
-16
Let j(n) = -n**3 + 44*n**2 - 113*n + 1619. Determine j(42).
401
Let y(w) = -8*w**2 + 110*w + 3325. What is y(31)?
-953
Let j(f) = -7881*f - 24017. What is j(-3)?
-374
Let q(t) = 6*t**2 - 102*t - 635. Give q(-6).
193
Let i(h) = 2*h**3 + 31*h**2 - 133*h - 1401. Calculate i(-17).
-7
Let h(n) = -2905*n + 331196. Determine h(114).
26
Let p(l) = -2*l**3 - 85*l**2 - 43*l - 381. Determine p(-42).
-339
Let s(q) = 1625*q - 731. What is s(1)?
894
Let p(d) = d**2 + 33035*d - 231263. Calculate p(7).
31
Let p(a) = -2*a**2 + 115*a + 13. Determine p(48).
925
Let u(a) = -3100*a - 1150096. Calculate u(-371).
4
Let w(s) = s**3 + 34*s**2 - 156*s - 3108. Determine w(-36).
-84
Let r(f) = 2*f**2 + 246*f + 3598. Give r(-106).
-6
Let c(s) = 8*s**2 - 245*s + 375. Determine c(13).
-1458
Let c(s) = 3*s**2 + 46*s + 159. Determine c(18).
1959
Let h(d) = -2*d**3 - 970*d**2 + 948*d - 11630. What is h(-486)?
34
Let u(n) = n**3 - 63*n**2 + 720*n - 21. Determine u(48).
-21
Let h(x) = -31*x**2 - 1703*x + 96. Calculate h(-55).
-14
Let j(f) = -31*f**2 + 272*f + 39. Determine j(4).
631
Let x(m) = 19942*m - 179448. What is x(9)?
30
Let n(u) = -23*u**2 - 88*u + 1742. Give n(7).
-1
Let r(m) = -2*m**3 + 31*m**2 + 2509*m - 12. What is r(44)?
32
Let m(b) = -11*b**2 + 18*b + 73. Determine m(-2).
-7
Let o(z) = -153064*z + 8877711. Determine o(58).
-1
Let r(l) = -8034*l + 257038. Calculate r(32).
-50
Let t(a) = 8780*a - 1212161. Give t(138).
-521
Let q(o) = -15*o**2 - 750*o + 113. What is q(-52)?
-1447
Let d(u) = u**2 + 29*u - 916. Calculate d(-60).
944
Let m(l) = 31*l**3 + 6*l - 19. Calculate m(2).
241
Let n(c) = c**2 + 5679*c + 22691. Determine n(-4).
-9
Let g(p) = -6403*p**2 - 32100*p - 427. Calculate g(-5).
-2
Let y(l) = -2734*l + 8296. What is y(3)?
94
Let v(m) = -6*m**2 + 111*m - 108. Determine v(1).
-3
Let x(p) = p**3 + 27*p**2 + 92*p + 15. Give x(-18).
1275
Let a(c) = -3*c**2 + 206*c - 318. Give a(66).
210
Let r(n) = -n**3 + 161*n**2 + 33313*n + 1849. What is r(280)?
-111
Let s(n) = -n**3 - 76*n**2 - 155*n - 278. Determine s(-73).
-4950
Let c(b) = -1308*b**2 + 41857*b + 25. What is c(32)?
57
Let q(p) = -6779*p - 81401. Determine q(-12).
-53
Let k(g) = g**2 - 948*g - 25111. What is k(-25)?
-786
Let p(i) = -198570*i + 6354268. Determine p(32).
28
Let k(a) = -a**3 - 4*a**2 - 53*a - 341. Calculate k(-5).
-51
Let r(l) = -393626*l + 2361732. Calculate r(6).
-24
Let k(t) = t**2 - 218*t - 10566. Give k(-41).
53
Let u(a) = 47*a**2 + 1901*a - 7321. Determine u(-44).
27
Let y(d) = -d**3 + 14*d**2 + 183*d - 1997. Calculate y(18).
1
Let v(j) = j**3 - 383*j**2 - 1934*j - 2331. Calculate v(388).
-3
Let v(c) = -109*c**3 - 646*c**2 + 24*c - 160. Determine v(-6).
-16
Let a(d) = 15*d**2 - 93*d - 8. Give a(8).
208
Let i(t) = -4753*t - 1083736. Give i(-228).
-52
Let z(o) = o**2 - 554*o + 34883. Determine z(72).
179
Let d(a) = -154*a - 21108. What is d(-137)?
-10
Let n(i) = -104*i**2 - 11222*i + 1084. Determine n(-108).
4
Let a(w) = 88*w**2 + 805*w + 105. Give a(-9).
-12
Let b(l) = -2*l**3 + 54*l**2 + 40*l + 2250. Determine b(29).
46
Let u(h) = 2*h**3 + 34*h**2 - 74*h + 2894. Calculate u(-21).
920
Let c(x) = x**2 + 15905*x - 1327043. Give c(83).
-39
Let m(n) = n**2 - 326*n + 26561. Give m(159).
8
Let j(d) = d**3 - 95*d**2 - 433*d + 396. Give j(-5).
61
Let p(m) = 35*m**2 + 390*m - 13. Calculate p(-8).
-893
Let p(n) = 23*n**3 + 6466*n**2 + 836*n - 720. Calculate p(-281).
1247
Let o(d) = -159664*d + 957992. Calculate o(6).
8
Let g(n) = 17*n - 266. Give g(23).
125
Let b(x) = -3*x**3 + 311*x**2 - 6580*x + 34. Give b(74).
478
Let b(l) = -1190620*l - 5953143. What is b(-5)?
-43
Let g(z) = -z**3 - 68*z**2 + 246*z + 2334. Calculate g(-71).
-9
Let x(w) = -2*w**3 + 1421*w**2 - 2831*w - 2. Give x(2).
4
Let w(d) = -3*d**2 - 215*d - 4318. Determine w(-20).
-1218
Let t(q) = q**2 + 47941*q - 575429. Give t(12).
7
Let n(t) = -t**3 + 12*t**2 + 89373*t - 983208. Calculate n(11).
16
Let x(h) = h**3 - 1867*h**2 - 415693*h + 51694. Give x(2068).
-6
Let b(z) = -134*z**2 - 8038*z + 118. Calculate b(-60).
-2
Let m(k) = 28*k**3 - 199*k**2 + 18*k + 18. Determine m(7).
-3
Let v(u) = 359*u + 377. Calculate v(3).
1454
Let i(l) = l**2 + 640*l - 70657. Give i(-736).
-1
Let n(v) = -8*v**2 + 192*v + 988. Calculate n(-5).
-172
Let b(u) = -u**2 - 67*u + 7809. Determine b(-128).
1
Let p(a) = -4*a**2 + 11292*a - 56368. Determine p(5).
-8
Let u(x) = 1743*x + 55552. Determine u(-32).
-224
Let t(w) = w**3 + 148*w**2 - 451*w - 290. What is t(-151)?
-592
Let f(u) = 3*u**3 + 145*u**2 + 787*u + 28146. Give f(-47).
-7
Let x(c) = 6*c**2 + 1271*c - 2749. Determine x(-214).
33
Let g(z) = -4*z**2 - 1062*z - 393. What is g(-265)?
137
Let v(t) = 4*t**3 + 126*t**2 + 45*t - 570. What is v(-31)?
-43
Let d(h) = 6043*h + 1589305. Determine d(-263).
-4
Let k(b) = -18*b**2 + 1576*b - 5378. Determine k(84).
-2
Let b(p) = 49*p**2 - 798*p + 3241. Calculate b(8).
-7
Let v(a) = a**3 - 46*a**2 + 1583*a - 48611. Determine v(38).
-9
Let b(u) = u**3 - 20*u**2 - 34*u + 982. Give b(19).
-25
Let z(k) = 5*k**2 + 783*k - 5875. Give z(7).
-14